 t = a - -5. What are the prime factors of t?
2, 3
Let y = -41 + 116. What are the prime factors of y?
3, 5
Suppose 0 = -m + 7 - 2. Suppose 0 = -p + k + 9, -3*k + 2*k = -m*p + 29. Suppose p*r + 3*b - 55 = 0, -5*r + b = 3*b - 50. What are the prime factors of r?
2
Let c(w) = 0 + 4 - w - 4 - 1. Suppose -4*l - 20 = -l + t, -2*t = -2. What are the prime factors of c(l)?
2, 3
Let h be 0 + (3 - (-3 + -8)). Suppose 2*b + 4*v + h - 2 = 0, -2*b - 5*v - 12 = 0. What are the prime factors of 168/9 - b/(-9)?
2, 3
Let g(j) = -j**3 - 7*j**2 + 9*j + 11. Let n(i) = i**2 - i + 2. Let o be n(0). Suppose 4*a = -16, -a = o*t + 2*t + 36. List the prime factors of g(t).
3
Let z = -14 + 36. What are the prime factors of z?
2, 11
Let r = -52 + 95. List the prime factors of r.
43
Let s = 2 - 5. Let d be ((-5)/4)/(3/12). Let g = s - d. List the prime factors of g.
2
Suppose 4*o - d - 296 = -o, d - 4 = 0. What are the prime factors of o?
2, 3, 5
Let z = -10 + 4. List the prime factors of 0 + -3*10/z.
5
Let u = 47 - 21. What are the prime factors of u?
2, 13
Suppose 2*u - 12 = -u. What are the prime factors of u?
2
Let c(b) = 8*b**2 + b. Let l = -3 + 3. Suppose l = -r + 4*r + z, -2*z = 2*r + 4. What are the prime factors of c(r)?
3
Suppose -4*y = -6*y. What are the prime factors of y + 1 + 34/2?
2, 3
Let f(g) = 4*g + 86. What are the prime factors of f(-12)?
2, 19
Suppose -i + 1 = -7. Let z = i - 8. Suppose z = 4*m + 3*u - 35, 0 = -4*m + 2*u + 11 + 19. List the prime factors of m.
2
Let y(f) = -3*f - 10. Let v(l) = -2*l + 5. Let d be v(6). List the prime factors of y(d).
11
Suppose 6 = -2*y, 4*f + 6 - 32 = 2*y. Suppose o - 8 = 3*q, o - 3*o + f*q = -13. What are the prime factors of 17 + o/((-2)/(-4))?
3, 5
Suppose d = -4 + 6. Suppose 0 = -d*z - 17 + 75. What are the prime factors of z?
29
Suppose -6*u = -32 - 58. List the prime factors of u.
3, 5
Let w(i) = -4*i + 14. List the prime factors of w(-6).
2, 19
Let c = 12 - 10. List the prime factors of c + (-4)/(12/(-45)).
17
Suppose 11*c - 6*c - 10 = 0. Suppose -c*s - 2*s = -52. What are the prime factors of s?
13
Let c(x) = x**3 + 10*x**2 - x + 8. What are the prime factors of c(-10)?
2, 3
List the prime factors of ((-3)/2)/(15/(-610)).
61
Suppose 4*r - 30 = -2*a, -3*a + 19 + 16 = 4*r. Suppose i + 16 = -2*u, -2*i + a*i = -u - 23. Let o = 14 + i. What are the prime factors of o?
2
Let t = 21 - 16. What are the prime factors of t?
5
Let k(a) be the third derivative of a**5/60 - a**4/3 - 4*a**3/3 + 6*a**2. What are the prime factors of k(12)?
2, 5
Let y(n) = -n - 8. Let i be y(-5). Let w be (4/i)/4*-9. Suppose -w*j - 3*a = -9, -j - 4*a - 3 = -a. List the prime factors of j.
2, 3
Let y = -2 + -10. Let b be 8/6*y/4. Let m = b + 11. List the prime factors of m.
7
Let k(p) = -9*p + 17. List the prime factors of k(-10).
107
Let c(f) be the third derivative of f**5/60 + f**4/24 - f**3/6 - f**2. Let l be c(7). Suppose 3*q - l = -2*q. List the prime factors of q.
11
Let p be 8/12 + (-1)/(-3). Let y = p + 2. Suppose y*q = a + 11, 2*q - 2 = -5*a + 3*a. What are the prime factors of q?
3
Let c(n) = 4*n**2 - 5*n - 7. What are the prime factors of c(3)?
2, 7
Let a be (0 + 2)/(0 - 2). Let m be 18/4 + a/2. Suppose 0 = -y + m*y - 15. What are the prime factors of y?
5
Suppose 10 = 2*z - 7*z. What are the prime factors of 1 + z + 3 - -5?
7
Let q = 106 + -76. What are the prime factors of q?
2, 3, 5
Let v be (23/(-2) - -2)*2. Let q = v - -32. List the prime factors of q.
13
What are the prime factors of ((-17)/(-34))/(2/148)?
37
Let o(m) = m**2 - 5*m + 4. Let s be o(3). What are the prime factors of s - -5 - 87/(-3)?
2
Suppose 3*s - 18 = v - 6, -4*s = -5*v - 5. Suppose -o + 9 + 3 = 4*b, v*b - 10 = -o. List the prime factors of b.
2
Suppose 6*f - 20 = f. Suppose -11 = -3*z + p, 7 = -4*z + p - f*p. What are the prime factors of z?
2
List the prime factors of (-20)/(2 + (-3)/1).
2, 5
Let p(r) = -r - 4 + 5 + 5. Let d be p(0). Suppose x = d - 0. List the prime factors of x.
2, 3
Suppose 5*t = -1 + 21. Suppose 0 = t*c - 16, 2*c + 11 - 4 = 3*h. Suppose -u - u - 2*x + 20 = 0, 0 = -2*u - h*x + 29. What are the prime factors of u?
7
Let q(l) = l + 8. Let r be q(-8). Suppose r = -v + 19 - 1. What are the prime factors of v?
2, 3
Let f = 0 - -7. List the prime factors of f.
7
Let y = 66 - -25. What are the prime factors of y?
7, 13
Let f = -4 + -3. Let b = f - -9. List the prime factors of b.
2
Suppose -25 = l - 6*l. Suppose -l*q + c = -46, c - 20 = -4*q + 6*c. What are the prime factors of q?
2, 5
Let p(j) be the second derivative of 0 - j**2 - j - 5/6*j**3. List the prime factors of p(-2).
2
Let d(x) = 2*x - 3. Let h be d(3). Suppose -77 = -3*a + o, h*o = -3*a + o + 89. What are the prime factors of a?
3
Let d = -65 - -109. What are the prime factors of d?
2, 11
Let b(q) = -q**2 - 5*q - 5. Let m be b(-4). Let t = m - -7. List the prime factors of t.
2, 3
Suppose -v + 129 = 2*v. List the prime factors of v.
43
Let d(o) be the first derivative of 4*o**3 + o + 2. Let a be d(1). Suppose -7 - a = -l. List the prime factors of l.
2, 5
Suppose -12 = -5*s + 3. Suppose 4 = n + s*n. Let t = n + 12. List the prime factors of t.
13
Let v be 1/(-4) - (-26)/8. Let f be (-10)/4*(-4)/10. Suppose q - f = v. List the prime factors of q.
2
Let h(o) = -4*o**3 - 7*o - o**3 + 4*o**3 - 9*o**2 + 9 + 0*o**3. Let v be h(-8). List the prime factors of -11*(-3)/3*v.
11
Let v be 2/6 - (-30)/18. Suppose v*a - 4*z = -28, 4*a - 3*z + 43 = -23. Let r = a + 28. List the prime factors of r.
2, 5
Let g(a) be the first derivative of a**4/4 + 2*a**3 + 5*a**2/2 + a - 1. Let x be g(-5). What are the prime factors of (x - -1) + 1 + 0?
3
Let p = 3 - 1. Suppose -2*b + 2*s = b - 34, -p*b = -s - 22. List the prime factors of b.
2, 5
Let k be ((-4)/(-1))/((-10)/(-15)). Let l = k - -2. List the prime factors of l.
2
Suppose i = -2*v - 4, -5*i - 2*v = 1 + 3. Let w = 4 + -2. Suppose w*r + 2*r - 48 = i. List the prime factors of r.
2, 3
Let w be -3 - (-11)/(1/1). What are the prime factors of (-5)/(-10)*3*w?
2, 3
Let s(f) = -2*f**3 - 5*f**2 + 5. List the prime factors of s(-4).
53
Suppose 2 = 2*r, -4*r = -4*n + 26 + 62. List the prime factors of n.
23
Let f(h) = 3*h + 3. Let l(z) = 6*z + 5. Let u(s) = -5*f(s) + 3*l(s). Let j be u(-4). What are the prime factors of (2/(-3))/(2/j)?
2
Let f(n) be the third derivative of n**4/6 - 3*n**3/2 - 3*n**2. List the prime factors of f(4).
7
Let x = 196 + -108. What are the prime factors of x?
2, 11
Let i be -1 + 4 + -2 + -1. Let j = i - 0. What are the prime factors of 1 + -1 + (j - -3)?
3
Suppose 0 = -u - 1 + 46. Suppose 2 = -a - 4*d, 0*d + 5*d + u = 3*a. What are the prime factors of a?
2, 5
Suppose 3 = -n + 8. Suppose -2*j = 5*b - 8 - 92, 5*j - 250 = n*b. What are the prime factors of j?
2, 5
Suppose 3*y + 2*y + 5*p = -15, -4*p = -2*y + 24. Suppose 0*d + y*f = -2*d + 44, 5*d - f - 98 = 0. What are the prime factors of d?
2, 5
Let f(n) = -n**3 + 5*n**2 - 3*n + 2. Let y be f(4). Suppose q - y = 7. What are the prime factors of q?
13
Let v(x) = x + 2. Let a be v(-6). Let i be 2 - (2 + a - -2). Suppose 0*r + 16 = i*r. What are the prime factors of r?
2
Let k be (14/21)/((-2)/(-3)). What are the prime factors of (k/3)/((-2)/(-132))?
2, 11
Suppose 7*z = 2*z. Let c(u) = -u + 4. What are the prime factors of c(z)?
2
Let v = -5 + 4. What are the prime factors of (-1)/v - (-32 + -2)?
5, 7
Let f(a) = -2*a - 3. Let g(s) = -s - 2. Let u(h) = 3*f(h) - 5*g(h). Let l be u(-6). Suppose -i + 0*i = -l. What are the prime factors of i?
7
Let m be 0 + ((-4)/(-2) - 1). Let a(w) = -2*w + 4 + 2 + 12*w - 5. What are the prime factors of a(m)?
11
Suppose -3*t = d - 0*d - 21, 0 = 2*t - 3*d - 14. Suppose h + 0 - t = 0. List the prime factors of h.
7
Let q be 0 + 0/(-3) + 2. Suppose 0 = 5*v - 10*v - q*z + 55, 0 = 3*v - z - 22. Suppose -v = -n + 4*y + 24, 0 = y + 4. What are the prime factors of n?
17
Let t = 10 + 13. Suppose t + 0 = k. What are the prime factors of k?
23
Let g(n) = -n**3 - 4*n**2 - 3*n + 5. List the prime factors of g(-5).
3, 5
Suppose -300 = -2*j - 0*j. What are the prime factors of j?
2, 3, 5
Suppose 5*z - 68 = 87. What are the prime factors of z?
31
Let n be 6/(-15) + (-2)/(-5). Suppose n = -u - 2*u + 24. List the prime factors of u.
2
Let c(d) = -d**2 + d - 1. Let 